5*u - 17620 = 5*u. What are the prime factors of u?
2, 881
Suppose -4*z + 10 = -2*r - 2, 0 = -2*z - 5*r + 18. Suppose -z*q = 2 - 6, 5*q = -5*i + 700. What are the prime factors of i?
139
Suppose -4*l - 4*p = -2152, -8*p = l - 4*p - 547. What are the prime factors of l?
5, 107
List the prime factors of (5739/(-2))/((-6)/4).
1913
Let f(r) be the second derivative of r**4/12 + r**3 - 7*r**2 + 7*r. What are the prime factors of f(-12)?
2, 29
Suppose -2*n + 4*o = -8 - 16, 24 = 3*n - 3*o. List the prime factors of 1*(68 + (-8)/n).
2, 3, 11
Let p(o) = 3*o**2 - 11*o - 86. What are the prime factors of p(15)?
2, 53
Suppose 3*s - 2*s = -s. Suppose s = 5*y - 139 - 261. What are the prime factors of y?
2, 5
Suppose p - 3 = 2. Suppose -4*f + h = 18 - 82, 0 = 4*f - p*h - 80. List the prime factors of f.
3, 5
Let v(x) = -2*x**3 - 14*x**2 + 4*x + 58. What are the prime factors of v(-10)?
2, 3, 103
Suppose -4*s + 5*m = -5043, -5*s - 4*m + 6345 = -2*m. What are the prime factors of s?
7, 181
Let u(o) = 5. Let q(w) = -w + 4. Let t(y) = 2*q(y) - 3*u(y). Let k be t(-5). Suppose -k*a + 8*a - 95 = 0. List the prime factors of a.
19
Suppose 3*f - 5*o - 357 = 0, -2*o + 502 = 3*f + f. Suppose -3*n + 5*n + f = 0. What are the prime factors of (n + 3)/(-1) + -2?
3, 19
Suppose -3*x + 477 = -0*x. What are the prime factors of x/4 - (-4)/16?
2, 5
Let o be 1 + -4 + 1 + 8 + 2. List the prime factors of (-2 - 1026/(-24))*o/2.
163
Let p(c) be the first derivative of c**2/2 + 23*c + 3. What are the prime factors of p(15)?
2, 19
What are the prime factors of ((-6)/(-6) - 2)*(-314 + 0)?
2, 157
Let j(v) = -4 - v**2 + v**3 + 7 + 10*v + 2 - 9*v**2. Let q be j(9). Suppose -q = -3*b + b. What are the prime factors of b?
7
Suppose -2*f + 4*f = -4*h + 1552, -3*f = 3*h - 2334. List the prime factors of f.
2, 3, 5, 13
Let z(s) = s**3 - 46*s**2 + 53*s - 275. List the prime factors of z(46).
3, 7, 103
What are the prime factors of (-3432)/55*(-60)/9?
2, 13
Let f(b) be the second derivative of b**4/4 - b**3/3 - 26*b. What are the prime factors of f(-6)?
2, 3, 5
Let h(a) = -9*a**2 + 2*a**3 - 11*a - 42 + 52 - a**3. Let c be h(10). Suppose y + 2 = 0, 4*v - 2*v + 2*y - 12 = c. What are the prime factors of v?
2
Suppose -8 = -4*a, 3*d + 4*a - 6553 = 1033. List the prime factors of d.
2, 3, 421
Let y(r) = -r**2 - 12*r + 4. Let f(q) = -2*q**2 - 4. Let n be f(-2). Let o be y(n). Let s(z) = -z**3 + 6*z**2 + 6*z - 3. List the prime factors of s(o).
53
Let p(h) = -4*h - 25. Let w(i) = -7*i - 51. Let f(m) = -5*p(m) + 2*w(m). What are the prime factors of f(9)?
7, 11
Let m = -203 - -133. Let h = m + 204. What are the prime factors of h?
2, 67
Suppose -3*s = 4*o - 7, -o + 2 + 21 = 5*s. Let b be 40/14 - o/14. Suppose -b*f = -f - 140. What are the prime factors of f?
2, 5, 7
Let m be 127/5 + 42/(-105). What are the prime factors of m + 7/(28/16)?
29
Let k(q) = 6*q + 4*q - q**2 + 2*q**2 - 2*q**2 + 16. Let f be k(11). Suppose -15 = -5*c, 0*c = -f*p + c + 67. What are the prime factors of p?
2, 7
Let w = 1343 - -322. What are the prime factors of (3 - w/(-20)) + 2/(-8)?
2, 43
List the prime factors of -3*3/45 + 1976/5.
5, 79
Let w = 82 + -32. List the prime factors of w.
2, 5
Let q(z) = z**3 + 12*z**2 + 4*z + 99. What are the prime factors of q(-10)?
7, 37
Let y = -2272 - -5147. List the prime factors of y.
5, 23
Suppose -4*m + 26 = 2. Let q = m - 43. Let y = -19 - q. List the prime factors of y.
2, 3
Suppose -11479 = -8*z + 14713. What are the prime factors of z?
2, 1637
Suppose 0 = -5*l + 2*l + 6. Suppose 0 = -l*v + v + 12. What are the prime factors of ((-3)/v)/((-2)/24)?
3
Suppose -2*m = 4*d - 26, -3*m - 2*m = d - 20. Suppose 0 = -d*s + u + 259, -2*s + 6*u - 4*u + 110 = 0. List the prime factors of s.
3, 17
Suppose 2*l = -b + 2*b - 1, -8 = -2*l. Suppose b*z + 66 = 6*z. List the prime factors of -2 + -1 - (z - -1).
2, 3
List the prime factors of 1/(-6) - (-384945)/198.
2, 3
Suppose -28 = 3*i - 97. Let f = -25 + i. What are the prime factors of 3 + (f - -19 - -2)?
2, 11
Suppose -2*z - 4*y = -3*z + 10, y + 22 = -3*z. Let o = 8 + z. Suppose -4*i = -6*i - o*m + 24, -3 = -2*i + 5*m. List the prime factors of i.
3
Suppose -9*x + 3*x + 30 = 0. Let d(h) = -h**3 + 8*h**2 - 6*h - 7. List the prime factors of d(x).
2, 19
Let z be (12/8)/(2/(-4)). Let s = -55 + 61. Let b = z + s. List the prime factors of b.
3
Let f be (60/36)/(-1*(-1)/30). Suppose -66 - f = -4*o. List the prime factors of o.
29
Let l(f) = 24*f**3 - 2*f**2 + 1. Suppose -5*i = k, 5*k = 4*i + 4*k - 9. Let w be l(i). Let s = -20 + w. List the prime factors of s.
3
Let c = 3627 + -2117. What are the prime factors of c?
2, 5, 151
Let q(u) = -10*u - 1. Let a = -5 - -4. Let t be q(a). Suppose 5*z + 56 = t*z. List the prime factors of z.
2, 7
Let q(i) = 5*i**2 - 14*i + 38. List the prime factors of q(11).
3, 163
Let i = 13 - 11. Suppose a + 195 = 4*x, -i*x - 5*a + 5 + 120 = 0. Suppose -16 = d - x. List the prime factors of d.
2, 17
Suppose 0*r - 2*r = 0. Suppose -6 = c - g - g, -c + 5*g - 21 = r. Suppose 44 = c*p - 60. List the prime factors of p.
2, 13
Let y(f) = 16*f**3 + f**2 - f - 2. Let s be y(2). Let q = s - -14. Suppose -q + 50 = -4*k. What are the prime factors of k?
23
Suppose 66 = 4*z + 54. Let p(w) = 29*w**2 + w + 3. What are the prime factors of p(z)?
3, 89
Suppose 3*x + 88 = 328. Suppose b + 3*m - 40 = 0, -4*b + 4*m = -2*b - x. Suppose b = 4*z - 28. What are the prime factors of z?
17
Suppose 5*c + 64 = -2*d + d, -3*c = 4*d + 171. What are the prime factors of (-6)/d - (-2061)/39?
53
Let g = -21 + 38. Suppose 5 - g = -4*b. Let o(w) = w**3 - 2*w**2 + 4*w - 4. What are the prime factors of o(b)?
17
Let z be ((-2)/(-3))/(10/75). Suppose 0 = -z*v + 73 + 27. What are the prime factors of v?
2, 5
Suppose 2*k + t - 917 = 0, -k + 5*t = -2*k + 463. List the prime factors of k.
2, 229
Suppose a = 6*a + 10. Let c be (4 - 3)*(-62)/a. Suppose -2*i + c = -5. List the prime factors of i.
2, 3
Suppose 38313 = -61*g + 94*g. What are the prime factors of g?
3, 43
Let i = -3 - -3011. What are the prime factors of i?
2, 47
Let u be ((-3)/6)/((-2)/20). Suppose -42 = -j - u. What are the prime factors of j?
37
Let p be (-5)/(-70)*-4 - (-194)/(-7). Let s = p + 98. List the prime factors of s.
2, 5, 7
Suppose -1012*v + 1010*v + 4216 = 0. List the prime factors of v.
2, 17, 31
Suppose -2*p + 124 = -4*b, 3*p = -b + 91 + 130. What are the prime factors of p?
2, 3
What are the prime factors of (-9)/(-12) - ((-9874)/8 - -2)?
3, 137
Let s be 1*1*456/(4/1). Suppose v - 2*z = 3*z + s, -z + 184 = 2*v. What are the prime factors of v?
2, 47
Let j(l) = l**3 - 39*l**2 + 48*l - 65. List the prime factors of j(38).
3, 5, 7
Suppose -3*y = -1 + 1. Suppose y = -3*q - 3*k + 60, -37 = 5*k - 12. List the prime factors of q.
5
Suppose -262 = -4*g + 550. What are the prime factors of g?
7, 29
Let n be 8/(5/2 + -2). Let j(d) = -2*d**3 - 2*d**2 - d - 4. Let z be j(-3). Let k = z - n. What are the prime factors of k?
19
Let f(c) = -6*c + 38*c**3 + 5*c + c - 1. List the prime factors of f(1).
37
Let s(r) = -8*r - 10. Let c be 28/(-2 - 2) + 4. What are the prime factors of s(c)?
2, 7
Suppose -5*k + 9*k = 180. Suppose -6*p + k = 9. Suppose 129 = p*f - 87. List the prime factors of f.
2, 3
Suppose 17*t - w + 16821 = 22*t, 5*w + 13451 = 4*t. What are the prime factors of t?
2, 29
Let s = 58 - 53. Suppose -c - s = 0, 4*k - c = k + 296. List the prime factors of k.
97
Let i(d) = -d**3 - 31*d**2 - 9*d - 94. What are the prime factors of i(-31)?
5, 37
Let g(d) = -d + 4*d**2 - 5*d**2 + 17 - 3*d. What are the prime factors of g(-5)?
2, 3
Let j = 2724 + -323. List the prime factors of j.
7
Suppose -11*r = 1047 - 6206. What are the prime factors of r?
7, 67
Let t(c) = -2*c + 2. Let r be t(0). Let o(s) = 6*s + s**r - 12*s + 5*s + 25*s**3. What are the prime factors of o(1)?
5
Let n(v) = -2*v - 6. Let w(r) = 4*r + 13. Let i(m) = -7*n(m) - 3*w(m). Let b be i(-2). Let u(j) = 35*j**2 - j - 1. What are the prime factors of u(b)?
5, 7
Suppose -6*x = -22*x + 23536. What are the prime factors of x?
1471
Let z(c) = -c**3 + 16*c**2 - 27*c - 12. Let y be z(14). What are the prime factors of 108 + (3/(-2) - -1)*y?
107
Let f = 1673 + 838. List the prime factors of f.
3, 31
Suppose -2*o - 7 = 9. Let j = 13 + o. Suppose